e the remainder when 144716 is divided by 3710.
26
What is the remainder when 75213 is divided by 68?
5
Calculate the remainder when 2788 is divided by 2578.
210
Calculate the remainder when 1692 is divided by 747.
198
Calculate the remainder when 4678 is divided by 364.
310
What is the remainder when 580030 is divided by 13?
9
Calculate the remainder when 162200 is divided by 9540.
20
Calculate the remainder when 11423 is divided by 32.
31
Calculate the remainder when 48763 is divided by 1625.
13
Calculate the remainder when 203145 is divided by 49.
40
What is the remainder when 595382 is divided by 292?
286
What is the remainder when 15328 is divided by 34?
28
Calculate the remainder when 28786 is divided by 821.
51
What is the remainder when 18739 is divided by 875?
364
Calculate the remainder when 325492 is divided by 39.
37
Calculate the remainder when 741 is divided by 235.
36
What is the remainder when 10165 is divided by 1685?
55
What is the remainder when 9243 is divided by 8?
3
Calculate the remainder when 54420 is divided by 688.
68
Calculate the remainder when 65071 is divided by 86.
55
What is the remainder when 127181 is divided by 18167?
12
What is the remainder when 15262 is divided by 1164?
130
Calculate the remainder when 241 is divided by 5.
1
Calculate the remainder when 171232 is divided by 21400.
32
Calculate the remainder when 43562 is divided by 181.
122
Calculate the remainder when 1044 is divided by 23.
9
What is the remainder when 5821 is divided by 49?
39
Calculate the remainder when 3447 is divided by 746.
463
What is the remainder when 9490 is divided by 3162?
4
Calculate the remainder when 169707 is divided by 13054.
5
What is the remainder when 16509 is divided by 392?
45
What is the remainder when 2357 is divided by 295?
292
What is the remainder when 18453 is divided by 302?
31
What is the remainder when 2841 is divided by 205?
176
Calculate the remainder when 1624 is divided by 11.
7
What is the remainder when 5271 is divided by 8?
7
Calculate the remainder when 253725 is divided by 126850.
25
What is the remainder when 62433 is divided by 589?
588
Calculate the remainder when 576762 is divided by 82394.
4
What is the remainder when 875 is divided by 88?
83
Calculate the remainder when 704294 is divided by 176072.
6
What is the remainder when 48825 is divided by 1481?
1433
What is the remainder when 169167 is divided by 33833?
2
What is the remainder when 561378 is divided by 399?
384
What is the remainder when 431721 is divided by 82?
73
What is the remainder when 554220 is divided by 111?
108
What is the remainder when 11371696 is divided by 47?
46
Calculate the remainder when 501448 is divided by 250721.
6
What is the remainder when 6267147 is divided by 150?
147
What is the remainder when 49343 is divided by 123?
20
What is the remainder when 8569 is divided by 281?
139
Calculate the remainder when 197 is divided by 134.
63
What is the remainder when 88543 is divided by 590?
43
What is the remainder when 39140 is divided by 7?
3
Calculate the remainder when 508 is divided by 282.
226
What is the remainder when 64240 is divided by 86?
84
What is the remainder when 16104 is divided by 5220?
444
Calculate the remainder when 43144 is divided by 141.
139
What is the remainder when 13675 is divided by 636?
319
Calculate the remainder when 4909 is divided by 2399.
111
Calculate the remainder when 206241 is divided by 14.
7
What is the remainder when 27130 is divided by 188?
58
What is the remainder when 158010 is divided by 197?
16
Calculate the remainder when 25419 is divided by 12655.
109
Calculate the remainder when 981055 is divided by 44.
31
What is the remainder when 3066 is divided by 33?
30
What is the remainder when 26710 is divided by 16?
6
What is the remainder when 37510 is divided by 136?
110
What is the remainder when 42969 is divided by 453?
387
What is the remainder when 117980 is divided by 1113?
2
What is the remainder when 33885 is divided by 303?
252
Calculate the remainder when 153578 is divided by 151.
11
Calculate the remainder when 11016 is divided by 3.
0
Calculate the remainder when 9011 is divided by 15.
11
Calculate the remainder when 5557 is divided by 1162.
909
Calculate the remainder when 2215 is divided by 34.
5
What is the remainder when 12856 is divided by 299?
298
What is the remainder when 3915 is divided by 304?
267
Calculate the remainder when 3405 is divided by 567.
3
What is the remainder when 4712 is divided by 464?
72
Calculate the remainder when 27500 is divided by 110.
0
What is the remainder when 230713 is divided by 412?
405
What is the remainder when 830900 is divided by 847?
840
Calculate the remainder when 5721 is divided by 2772.
177
What is the remainder when 593995 is divided by 495?
490
What is the remainder when 1045 is divided by 317?
94
Calculate the remainder when 3264 is divided by 275.
239
What is the remainder when 51572 is divided by 42?
38
Calculate the remainder when 14073 is divided by 95.
13
Calculate the remainder when 3004709 is divided by 282.
281
What is the remainder when 3573 is divided by 470?
283
Calculate the remainder when 647190 is divided by 392.
390
Calculate the remainder when 136317 is divided by 13.
12
Calculate the remainder when 13012 is divided by 18.
16
Calculate the remainder when 929935 is divided by 112.
111
Calculate the remainder when 16509 is divided by 7572.
1365
What is the remainder when 2056 is divided by 73?
12
Calculate the remainder when 453005 is divided by 309.
11
What is the remainder when 12091 is divided by 296?
251
Calculate the remainder when 305099 is divided by 106.
31
What is the remainder when 125018 is divided by 1736?
26
What is the remainder when 70086 is divided by 82?
58
Calculate the remainder when 10191 is divided by 132.
27
What is the remainder when 194647 is divided by 194639?
8
What is the remainder when 1100041 is divided by 506?
503
Calculate the remainder when 682499 is divided by 13.
12
What is the remainder when 23092 is divided by 231?
223
Calculate the remainder when 23868 is divided by 320.
188
What is the remainder when 222984 is divided by 5?
4
What is the remainder when 39374 is divided by 2314?
36
What is the remainder when 2866 is divided by 198?
94
Calculate the remainder when 3733 is divided by 998.
739
What is the remainder when 5881 is divided by 54?
49
What is the remainder when 79627 is divided by 19?
17
What is the remainder when 62779 is divided by 215?
214
Calculate the remainder when 9642 is divided by 2.
0
Calculate the remainder when 33990 is divided by 11326.
12
Calculate the remainder when 4550 is divided by 374.
62
What is the remainder when 3213 is divided by 2768?
445
What is the remainder when 19526 is divided by 172?
90
Calculate the remainder when 10719 is divided by 58.
47
What is the remainder when 68059 is divided by 234?
199
Calculate the remainder when 2391 is divided by 105.
81
What is the remainder when 1490 is divided by 1401?
89
Calculate the remainder when 604 is divided by 255.
94
Calculate the remainder when 3974 is divided by 333.
311
What is the remainder when 957950 is divided by 1467?
1466
What is the remainder when 3279 is divided by 1145?
989
Calculate the remainder when 123511 is divided by 225.
211
Calculate the remainder when 8341 is divided by 214.
209
Calculate the remainder when 2770 is divided by 352.
306
What is the remainder when 6614 is divided by 6594?
20
What is the remainder when 7176 is divided by 3584?
8
What is the remainder when 16353 is divided by 481?
480
Calculate the remainder when 129 is divided by 27.
21
Calculate the remainder when 2072 is divided by 86.
8
Calculate the remainder when 53071 is divided by 119.
116
Calculate the remainder when 173328 is divided by 471.
0
Calculate the remainder when 15613 is divided by 5.
3
Calculate the remainder when 1053 is divided by 923.
130
Calculate the remainder when 5550 is divided by 71.
12
Calculate the remainder when 4719 is divided by 157.
9
What is the remainder when 333438 is divided by 320?
318
What is the remainder when 38810 is divided by 51?
50
Calculate the remainder when 261411 is divided by 526.
515
What is the remainder when 2039121 is divided by 446?
9
Calculat